
111
Calculate the highest common divisor of 60 and 59033480.
20
What is the greatest common factor of 34361645 and 5?
5
Calculate the highest common factor of 254784 and 120192.
192
What is the greatest common factor of 556 and 4191823?
139
What is the highest common divisor of 10060 and 2423454?
1006
What is the greatest common divisor of 1764482 and 28?
2
Calculate the greatest common factor of 3312 and 5151672.
72
Calculate the highest common factor of 3663 and 560772.
333
Calculate the greatest common factor of 10846132 and 9328.
2332
Calculate the greatest common divisor of 25466148 and 207.
9
What is the greatest common divisor of 699710 and 7810?
110
Calculate the highest common factor of 1155 and 70667905.
385
What is the highest common factor of 33031326 and 20456?
5114
What is the highest common factor of 3549700 and 182?
14
What is the greatest common divisor of 6256565 and 490?
245
Calculate the highest common divisor of 392 and 4063784.
8
What is the highest common divisor of 93367310 and 467?
467
Calculate the highest common factor of 6292680 and 2050.
410
What is the greatest common factor of 7656 and 38049?
33
Calculate the greatest common factor of 1152 and 80886912.
384
Calculate the greatest common factor of 16755074 and 28.
14
What is the greatest common divisor of 277884 and 1297788?
996
Calculate the greatest common divisor of 1191411 and 14975.
599
What is the greatest common factor of 31374 and 75945?
249
Calculate the greatest common factor of 958000 and 4848.
16
What is the greatest common factor of 54747 and 53799?
237
What is the highest common divisor of 680410 and 80?
10
Calculate the highest common divisor of 70 and 190640.
10
Calculate the greatest common divisor of 178 and 17141311.
89
Calculate the greatest common divisor of 64 and 2371016.
8
What is the greatest common divisor of 320 and 142235640?
40
What is the greatest common divisor of 40 and 316652070?
10
Calculate the highest common divisor of 1467486 and 864.
18
What is the greatest common factor of 14520715 and 2398?
11
What is the greatest common factor of 86 and 1092868?
2
Calculate the highest common divisor of 2421 and 11403717.
807
What is the highest common factor of 1096418 and 5295?
353
Calculate the highest common divisor of 1728 and 15150.
6
Calculate the highest common divisor of 1217140209 and 5337.
5337
Calculate the highest common divisor of 24035361 and 7581.
399
Calculate the highest common divisor of 6298200 and 536.
8
Calculate the highest common factor of 355722 and 18784.
1174
What is the greatest common divisor of 1794330 and 11250?
90
What is the highest common divisor of 13451924 and 354524?
1052
Calculate the highest common factor of 325084 and 297212.
268
What is the highest common divisor of 713 and 8059108?
23
What is the highest common divisor of 522272 and 426208?
608
Calculate the greatest common factor of 207172 and 193280.
604
What is the highest common divisor of 1265607 and 837?
9
Calculate the highest common factor of 447888 and 27176.
344
Calculate the highest common factor of 7260 and 39184035.
1815
Calculate the greatest common factor of 18939216 and 236328.
5496
What is the greatest common factor of 370 and 41072775?
185
What is the highest common divisor of 522832826 and 1096?
274
What is the greatest common divisor of 908 and 12407366?
454
What is the greatest common factor of 33989 and 13002036?
829
Calculate the highest common factor of 231549 and 39579.
237
What is the greatest common divisor of 40 and 126188360?
40
What is the highest common factor of 97828793 and 2897?
2897
What is the highest common divisor of 3199213 and 68?
17
What is the highest common factor of 268796 and 1023?
11
Calculate the highest common divisor of 33 and 431157639.
33
Calculate the highest common factor of 39390 and 877110.
390
Calculate the highest common factor of 29879493 and 147.
21
What is the greatest common divisor of 209116 and 1775692?
92
Calculate the greatest common factor of 44499 and 486759.
273
Calculate the greatest common factor of 122 and 4389377.
61
Calculate the highest common divisor of 28503 and 133137.
9
Calculate the highest common factor of 56 and 1256549.
7
What is the highest common factor of 1248 and 8838063?
39
Calculate the greatest common factor of 20881 and 1232.
7
What is the highest common divisor of 151674 and 31735554?
8922
Calculate the highest common divisor of 106 and 346528522.
106
Calculate the greatest common factor of 845127540 and 540.
540
Calculate the highest common divisor of 70552 and 628.
4
What is the highest common factor of 539369555 and 5?
5
What is the highest common factor of 5121858 and 231?
21
Calculate the greatest common factor of 339780 and 56.
28
What is the greatest common divisor of 1059 and 356423394?
1059
What is the greatest common factor of 8262 and 102?
102
Calculate the greatest common factor of 159 and 868776.
159
What is the greatest common factor of 10331908 and 9340?
1868
What is the greatest common divisor of 657 and 616977?
9
What is the greatest common factor of 8288 and 10015456?
1184
What is the greatest common divisor of 1596 and 117477171?
399
Calculate the greatest common factor of 90 and 212922.
18
Calculate the highest common divisor of 70266 and 85084.
478
What is the greatest common divisor of 8881366 and 94250?
754
Calculate the highest common divisor of 7512033 and 150.
3
Calculate the greatest common divisor of 91998 and 4427.
19
Calculate the highest common factor of 496381505 and 7780.
1945
Calculate the greatest common divisor of 1138 and 50258063.
569
What is the highest common factor of 17476 and 32317?
17
Calculate the highest common divisor of 1035 and 295658721.
207
Calculate the highest common factor of 2 and 2762434.
2
What is the greatest common factor of 913572 and 115236?
1188
What is the highest common factor of 17857144 and 32?
8
Calculate the highest common factor of 10382 and 45436823.
5191
What is the greatest common factor of 5658 and 269422?
46
What is the greatest common divisor of 22 and 3906210?
22
What is the highest common factor of 43468300 and 500?
100
Calculate the greatest common divisor of 2940950 and 47422.
262
What is the highest common divisor of 69 and 4043214?
3
What is the greatest common divisor of 20 and 904228940?
20
Calculate the highest common divisor of 3283614 and 102.
6
Calculate the greatest common divisor of 87792001 and 55.
11
What is the greatest common divisor of 369252594 and 62?
62
Calculate the greatest common factor of 2278862 and 32554.
82
Calculate the highest common factor of 1180462570 and 287.
287
Calculate the greatest common divisor of 1417 and 58409.
13
What is the highest common divisor of 23140807 and 631707?
7261
What is the greatest common divisor of 7698328 and 352?
88
Calculate the highest common divisor of 125821122 and 112.
14
Calculate the highest common divisor of 1261 and 10516837.
97
What is the greatest common divisor of 2476999 and 392?
49
Calculate the highest common divisor of 251248559 and 17.
17
What is the highest common divisor of 7 and 613139520?
7
Calculate the highest common divisor of 794 and 166157998.
794
Calculate the highest common divisor of 17248 and 5793172.
2156
What is the highest common divisor of 27628790 and 1340?
670
What is the greatest common factor of 417301 and 244?
61
Calculate the highest common divisor of 2632756 and 1071.
119
Calculate the greatest common divisor of 146260 and 4369260.
2060
Calculate the highest common factor of 27302 and 1140326.
374
What is the highest common divisor of 9597 and 214333?
3199
Calculate the highest common divisor of 10 and 19460920.
10
Calculate the greatest common factor of 833567 and 14511840.
4319
What is the greatest common factor of 39 and 49458747?
39
Calculate the highest common divisor of 11392 and 3431217.
89
Calculate the highest common divisor of 483 and 1260561.
69
What is the greatest common divisor of 7259 and 1873417?
119
What is the highest common divisor of 176 and 753216?
16
Calculate the greatest common factor of 3668545 and 817.
43
Calculate the greatest common divisor of 2979 and 36441114.
993
What is the highest common divisor of 14 and 746914?
14
Calculate the greatest common f